{"id":16,"date":"2021-09-21T12:54:39","date_gmt":"2021-09-21T12:54:39","guid":{"rendered":"https:\/\/themes.muffingroup.com\/be\/babyshop\/?page_id=16"},"modified":"2023-08-30T15:03:33","modified_gmt":"2023-08-30T15:03:33","slug":"about-us","status":"publish","type":"page","link":"https:\/\/bangkeohanam.com\/?page_id=16","title":{"rendered":"About us"},"content":{"rendered":"\t\t<div data-elementor-type=\"wp-page\" data-elementor-id=\"16\" class=\"elementor elementor-16\">\n\t\t\t\t\t\t\t<div class=\"elementor-element elementor-element-6305453 e-container--column e-container\" data-id=\"6305453\" data-element_type=\"container\">\t\t\t\t<div class=\"elementor-element elementor-element-44a21b7 elementor-widget elementor-widget-heading\" data-id=\"44a21b7\" data-element_type=\"widget\" data-widget_type=\"heading.default\">\n\t\t\t\t<div class=\"elementor-widget-container\">\n\t\t\t<style>\/*! elementor - v3.7.7 - 20-09-2022 *\/\n.elementor-heading-title{padding:0;margin:0;line-height:1}.elementor-widget-heading .elementor-heading-title[class*=elementor-size-]>a{color:inherit;font-size:inherit;line-height:inherit}.elementor-widget-heading .elementor-heading-title.elementor-size-small{font-size:15px}.elementor-widget-heading .elementor-heading-title.elementor-size-medium{font-size:19px}.elementor-widget-heading .elementor-heading-title.elementor-size-large{font-size:29px}.elementor-widget-heading .elementor-heading-title.elementor-size-xl{font-size:39px}.elementor-widget-heading .elementor-heading-title.elementor-size-xxl{font-size:59px}<\/style><h2 class=\"elementor-heading-title elementor-size-default\">\nTHAI DUONG HA NAM TRADING SERVICE CO.LTD<\/h2>\t\t<\/div>\n\t\t\t\t<\/div>\n\t\t<\/div><div class=\"elementor-element elementor-element-e8acf12 e-container--column e-container\" data-id=\"e8acf12\" data-element_type=\"container\">\t\t\t\t<div class=\"elementor-element elementor-element-f5b1807 elementor-widget elementor-widget-text-editor\" data-id=\"f5b1807\" data-element_type=\"widget\" data-widget_type=\"text-editor.default\">\n\t\t\t\t<div class=\"elementor-widget-container\">\n\t\t\t<style>\/*! elementor - v3.7.7 - 20-09-2022 *\/\n.elementor-widget-text-editor.elementor-drop-cap-view-stacked .elementor-drop-cap{background-color:#818a91;color:#fff}.elementor-widget-text-editor.elementor-drop-cap-view-framed .elementor-drop-cap{color:#818a91;border:3px solid;background-color:transparent}.elementor-widget-text-editor:not(.elementor-drop-cap-view-default) .elementor-drop-cap{margin-top:8px}.elementor-widget-text-editor:not(.elementor-drop-cap-view-default) .elementor-drop-cap-letter{width:1em;height:1em}.elementor-widget-text-editor .elementor-drop-cap{float:left;text-align:center;line-height:1;font-size:50px}.elementor-widget-text-editor .elementor-drop-cap-letter{display:inline-block}<\/style>\t\t\t\t<p><strong><span style=\"font-size: 130%;\">C\u00f4ng ty s\u1ea3n xu\u1ea5t b\u0103ng keo THAI DUONG HA NAM<\/span>:<\/strong> l\u00e0 c\u00f4ng ty chuy\u00ean s\u1ea3n xu\u1ea5t v\u00e0 ph\u00e2n ph\u1ed1i c\u00e1c lo\u1ea1i b\u0103ng keo, M\u00e0ng pe, m\u00e0ng co, d\u00e2y \u0111ai, d\u00e2y cu\u1ed1n .<\/p><p>\u0110\u1eb7c bi\u1ec7t c\u00f4ng ty chuy\u00ean nh\u1eadn \u0111\u01a1n l\u00e0m theo y\u00eau c\u1ea7u, \u0111\u00e1p \u1ee9ng cho t\u1ea5t c\u1ea3 nh\u1eefng kh\u00e1ch h\u00e0ng kh\u00f3 t\u00ednh nh\u1ea5t. V\u1edbi h\u1ec7 th\u1ed1ng m\u00e1y m\u00f3c hi\u1ec7n \u0111\u1ea1i \u0111\u01b0\u1ee3c nh\u1eadp kh\u1ea9u t\u1eeb n\u01b0\u1edbc ngo\u00e0i c\u00f9ng \u0111\u1ed9i ng\u0169 nh\u00e2n vi\u00ean, c\u00f4ng nh\u00e2n gi\u00e0u kinh nghi\u1ec7m trong l\u0129nh v\u1ef1c s\u1ea3n xu\u1ea5t b\u0103ng keo.<\/p><p>Ch\u00fang t\u00f4i c\u00f3 thi\u1ec3\u00a0 t\u1ef1 tin c\u00f3 th\u1ec3 mang \u0111\u1ebfn cho kh\u00e1ch h\u00e0ng nh\u1eefng lo\u1ea1i b\u0103ng keo ch\u1ea5t l\u01b0\u1ee3ng cao gi\u00e1 c\u1ea3 c\u1ea1nh tranh nh\u1ea5t hi\u1ec7n nay.<\/p>\t\t\t\t\t\t<\/div>\n\t\t\t\t<\/div>\n\t\t<\/div><div class=\"elementor-element elementor-element-30b211a e-container--column e-container\" data-id=\"30b211a\" data-element_type=\"container\">\t\t\t\t<div class=\"elementor-element elementor-element-e3c59b1 elementor-widget elementor-widget-text-editor\" data-id=\"e3c59b1\" data-element_type=\"widget\" data-widget_type=\"text-editor.default\">\n\t\t\t\t<div class=\"elementor-widget-container\">\n\t\t\t\t\t\t\t<p><strong>L\u0129nh v\u1ef1c kinh doanh<\/strong><\/p><p>Hi\u1ec7n nay c\u00f4ng ty s\u1ea3n xu\u1ea5t b\u0103ng keo Thai D\u01b0\u01a1ng \u0111ang s\u1ea3n xu\u1ea5t v\u00e0 ph\u00e2n ph\u1ed1i c\u00e1c lo\u1ea1i s\u1ea3n ph\u1ea9m nh\u01b0: B\u0103ng keo d\u00e1n th\u00f9ng, b\u0103ng keo in ch\u1eef, b\u0103ng keo gi\u1ea5y, b\u0103ng keo 2 m\u1eb7t, b\u0103ng keo v\u1ea3i, b\u0103ng keo x\u1ed1p, b\u0103ng keo \u0111i\u1ec7n, b\u0103ng keo v\u0103n ph\u00f2ng ph\u1ea9m, m\u00e0ng PE, D\u00e2y \u0111ai nh\u1ef1a, d\u00e2y r\u00fat nh\u1ef1a&#8230;.<\/p><p>\u0110\u1eb7c bi\u1ec7t v\u1edbi c\u00f4ng ngh\u1ec7 \u00e9p b\u1ecdt kh\u00ed hi\u1ec7n \u0111\u1ea1i s\u1ebd \u00e9p h\u1ebft b\u1ecdt kh\u00ed tr\u00ean c\u00e1c lo\u1ea1i b\u0103ng keo trong v\u00e0 \u0111\u1ee5c, \u0111em l\u1ea1i cho kh\u00e1ch h\u00e0ng nh\u1eefng s\u1ea3n ph\u1ea9m v\u1edbi m\u1eabu m\u00e3 ho\u00e0n h\u1ea3o.<\/p><p><strong>Ph\u01b0\u01a1ng ch\u00e2m kinh doanh c\u1ee7a Thai duong l\u00e0:<\/strong><\/p><p>&#8211; Lu\u00f4n \u0111\u1eb7t ch\u1ea5t l\u01b0\u1ee3ng s\u1ea3n ph\u1ea9m v\u00e0 s\u1ef1 h\u00e0i l\u00f2ng c\u1ee7a kh\u00e1ch h\u00e0ng l\u00ean h\u00e0ng \u0111\u1ea7u.<\/p><p>&#8211; Li\u00ean t\u1ee5c c\u1eadp nh\u1eadt v\u00e0 \u0111\u01b0a nh\u1eefng c\u00f4ng ngh\u1ec7 m\u1edbi nh\u1ea5t v\u00e0o trong s\u1ea3n xu\u1ea5t nh\u1eb1m \u0111em \u0111\u1ebfn nh\u1eefng s\u1ea3n ph\u1ea9m b\u0103ng keo ch\u1ea5t l\u01b0\u1ee3ng cao, m\u1eabu m\u00e3 \u0111\u1eb9p cho t\u1ea5t c\u1ea3 kh\u00e1ch h\u00e0ng.<\/p><p><em><strong>Th\u1eddi gian giao h\u00e0ng c\u1ea5p t\u1ed1c, ph\u1ee5c v\u1ee5 chuy\u00ean nghi\u1ec7p chu \u0111\u00e1o.<\/strong><\/em><\/p><p>H\u1ed7 tr\u1ee3 t\u1ed1i \u0111a kh\u00e1ch h\u00e0ng b\u1eb1ng ch\u00ednh s\u00e1ch \u0111\u1ed5i tr\u1ea3 h\u00e0ng n\u1ebfu ch\u01b0a h\u00e0i l\u00f2ng v\u1ec1 s\u1ea3n ph\u1ea9m. Th\u01b0\u1eddng xuy\u00ean c\u00f3 ch\u01b0\u01a1ng tr\u00ecnh khuy\u1ebfn m\u00e3i h\u1ea5p d\u1eabn trong c\u00e1c ng\u00e0y l\u1ec5 t\u1ebft nh\u01b0 m\u1ed9t l\u1eddi tri \u00e2n ch\u00e2n th\u00e0nh m\u00e0 c\u00f4ng ty s\u1ea3n xu\u1ea5t b\u0103ng keo Trung Ki\u00ean g\u1eedi \u0111\u1ebfn t\u1ea5t c\u1ea3 qu\u00fd kh\u00e1ch h\u00e0ng v\u00e0 \u0111\u1ed1i t\u00e1c c\u1ee7a ch\u00fang t\u00f4i !<\/p><p><strong>Li\u00ean h\u1ec7 v\u1edbi C\u00f4ng ty s\u1ea3n xu\u1ea5t b\u0103ng keo Thai D\u01b0\u01a1ng qua th\u00f4ng tin sau:<\/strong><\/p><p><strong>C\u00d4NG TY TNHH THUONG MAI THAI DUONG HA NAM<\/strong><\/p><p><strong>Tr\u1ee5 S\u1edf:<\/strong> Ho\u00e0ng T\u00e2y. Kim B\u1ea3ng .H\u00e0 Nam<\/p><p><strong>Hotline:<\/strong> 0962 977 168<\/p><p><strong>Email:<\/strong> bangkeohanam@gmail.com<\/p><p style=\"text-align: left;\"><strong>Website:<\/strong> www.bangkeohanam.com &#8211;\u00a0 www.dhntape.com<\/p><p style=\"text-align: left;\">\u00a0 \u00a0 \u00a0 \u00a0 \u00a0 \u00a0 \u00a0 \u00a0\u00a0<\/p>\t\t\t\t\t\t<\/div>\n\t\t\t\t<\/div>\n\t\t<\/div>\t\t\t\t\t<\/div>\n\t\t","protected":false},"excerpt":{"rendered":"<p>THAI DUONG HA NAM TRADING SERVICE CO.LTD C\u00f4ng ty s\u1ea3n xu\u1ea5t b\u0103ng keo THAI DUONG HA NAM: l\u00e0 c\u00f4ng ty chuy\u00ean s\u1ea3n xu\u1ea5t v\u00e0 ph\u00e2n ph\u1ed1i c\u00e1c lo\u1ea1i b\u0103ng keo, M\u00e0ng pe, m\u00e0ng co, d\u00e2y \u0111ai, d\u00e2y cu\u1ed1n . \u0110\u1eb7c bi\u1ec7t c\u00f4ng ty chuy\u00ean nh\u1eadn \u0111\u01a1n l\u00e0m theo y\u00eau c\u1ea7u, \u0111\u00e1p \u1ee9ng cho t\u1ea5t c\u1ea3 [&#8230;]\n","protected":false},"author":1,"featured_media":0,"parent":0,"menu_order":0,"comment_status":"closed","ping_status":"closed","template":"","meta":{"footnotes":""},"class_list":["post-16","page","type-page","status-publish","hentry"],"_links":{"self":[{"href":"https:\/\/bangkeohanam.com\/index.php?rest_route=\/wp\/v2\/pages\/16","targetHints":{"allow":["GET"]}}],"collection":[{"href":"https:\/\/bangkeohanam.com\/index.php?rest_route=\/wp\/v2\/pages"}],"about":[{"href":"https:\/\/bangkeohanam.com\/index.php?rest_route=\/wp\/v2\/types\/page"}],"author":[{"embeddable":true,"href":"https:\/\/bangkeohanam.com\/index.php?rest_route=\/wp\/v2\/users\/1"}],"replies":[{"embeddable":true,"href":"https:\/\/bangkeohanam.com\/index.php?rest_route=%2Fwp%2Fv2%2Fcomments&post=16"}],"version-history":[{"count":3,"href":"https:\/\/bangkeohanam.com\/index.php?rest_route=\/wp\/v2\/pages\/16\/revisions"}],"predecessor-version":[{"id":1634,"href":"https:\/\/bangkeohanam.com\/index.php?rest_route=\/wp\/v2\/pages\/16\/revisions\/1634"}],"wp:attachment":[{"href":"https:\/\/bangkeohanam.com\/index.php?rest_route=%2Fwp%2Fv2%2Fmedia&parent=16"}],"curies":[{"name":"wp","href":"https:\/\/api.w.org\/{rel}","templated":true}]}}