{"id":1431,"date":"2022-10-02T22:44:05","date_gmt":"2022-10-02T22:44:05","guid":{"rendered":"https:\/\/bangkeohanam.com\/?post_type=product&#038;p=1431"},"modified":"2023-03-14T10:51:19","modified_gmt":"2023-03-14T10:51:19","slug":"bang-dinh-da-bo-3","status":"publish","type":"product","link":"https:\/\/bangkeohanam.com\/?product=bang-dinh-da-bo-3","title":{"rendered":"B\u0103ng d\u00ednh da b\u00f2"},"content":{"rendered":"<p><strong>B\u0103ng d\u00ednh <\/strong><strong>da b\u00f2<\/strong> l\u00e0 s\u1ea3n ph\u1ea9m cao c\u1ea5p do <strong>c\u00f4ng ty DHN TAPE H\u00e0 Nam <\/strong>s\u1ea3n xu\u1ea5t v\u1edbi \u0111\u1ed9 d\u00ednh cao, gi\u00e1 th\u00e0nh t\u1ed1t. \u0110\u00e2y l\u00e0 m\u1ed9t lo\u1ea1i s\u1ea3n ph\u1ea9m b\u0103ng d\u00ednh d\u00f9ng ch\u1ee7 y\u1ebfu trong s\u1ea3n xu\u1ea5t, ch\u00fang \u0111\u01b0\u1ee3c s\u1eed d\u1ee5ng r\u1ed9ng r\u00e3i trong nh\u00e0 h\u00e0ng, kh\u00e1ch s\u1ea1n, t\u00f2a nh\u00e0 hi\u1ec7n nay, vi\u1ec7c tr\u1ea3i t\u1ea5m th\u1ea3m l\u1edbn tr\u01b0\u1edbc \u0111\u1ea1i s\u1ea3nh ho\u1eb7c trong c\u00e1c ch\u01b0\u01a1ng tr\u00ecnh event, conference, tri\u1ec3n l\u00e3m.<\/p>\n<p>V\u1edbi ph\u01b0\u01a1ng ch\u00e2m mang s\u1ef1 chuy\u00ean nghi\u1ec7p v\u00e0 ch\u00e2n th\u00e0nh \u0111\u1ebfn kh\u00e1ch h\u00e0ng, DHN TAPE H\u00e0 Nam kh\u00f4ng ng\u1eebng x\u00e2y d\u1ef1ng v\u00e0 ph\u00e1t tri\u1ec3n h\u1ec7 th\u00f4ng nh\u00e0 x\u01b0\u1edfng, m\u00e1y m\u00f3c s\u1ea3n xu\u1ea5t gi\u00fap s\u1ea3n ph\u1ea9m \u0111\u1ea1t ch\u1ea5t l\u01b0\u1ee3ng cao nh\u1ea5t, c\u00f3 gi\u00e1 th\u00e0nh r\u1ebb \u0111\u1ed3ng th\u1eddi s\u1ed1 l\u01b0\u1ee3ng m\u1ed7i th\u00e1ng \u0111\u1ea1t m\u1ee9c t\u1ed1i \u0111a nh\u1eb1m \u0111\u00e1p \u1ee9ng k\u1ecbp th\u1eddi c\u1ee7a qu\u00fd kh\u00e1ch. Ngo\u00e0i ra v\u1edbi \u0111\u1ed9i ng\u0169 ch\u0103m s\u00f3c kh\u00e1ch h\u00e0ng th\u00e2n thi\u1ec7n s\u1ebd ti\u1ebfp nh\u1eadn nh\u1eefng y\u00eau c\u1ea7u \u0111\u1eb7t h\u00e0ng c\u0169ng nh\u01b0 nh\u1eefng th\u1eafc m\u1eafc kh\u00e1c c\u1ee7a qu\u00fd kh\u00e1ch v\u00e0 gi\u1ea3i quy\u1ebft nhanh ch\u00f3ng. V\u1edbi vi\u1ec7c cung c\u1ea5p <a href=\"https:\/\/bangkeohanam.com\/\">b\u0103ng d\u00ednh t\u1ea1i Nam \u0110\u1ecbnh<\/a>\u00a0 , <a href=\"https:\/\/bangkeohanam.com\/\">b\u0103ng d\u00ednh t\u1ea1i H\u00e0 Nam <\/a>c\u0169ng nh\u01b0 c\u1ea3 n\u01b0\u1edbc, ch\u00fang t\u00f4i s\u1eb5n s\u00e0ng h\u1ed7 tr\u1ee3 t\u01b0 v\u1ea5n c\u0169ng nh\u01b0 v\u1eadn chuy\u1ec3n \u0111\u1ebfn t\u1eadn n\u01a1i cho qu\u00fd kh\u00e1ch h\u00e0ng.<\/p>\n<p>Nh\u1eefng s\u1ea3n ph\u1ea9m nh\u01b0 b\u0103ng d\u00ednh ch\u1ecbu nhi\u1ec7t kapton, b\u0103ng d\u00ednh v\u0103n ph\u00f2ng ph\u1ea9m,<a href=\"https:\/\/bangkeohanam.com\/\">b\u0103ng d\u00ednh v\u1ea3i<\/a>, b\u0103ng d\u00ednh \u0111\u00f3ng g\u00f3i v\u00e2n v\u00e2n v\u00e0 v\u00e2n v\u00e2n \u0111\u01b0\u1ee3c c\u00e1c c\u00f4ng tuy s\u1ea3n xu\u1ea5t trong v\u00e0 ngo\u00e0i n\u01b0\u1edbc s\u1eed d\u1ee5ng r\u1ea5t r\u1ed9ng r\u00e3i v\u1edbi t\u00ednh \u1ee9ng d\u1ee5ng cao c\u0169ng nh\u01b0 \u0111\u1ea3m b\u1ea3o v\u1ec1 \u0111\u1ed9 d\u00ednh v\u00e0 l\u1ef1a ch\u1ecdn \u0111\u1ed9 d\u00e0y \u0111\u1ed9 d\u00e0i t\u00f9y theo y\u00eau c\u1ea7u kh\u00e1ch h\u00e0ng<\/p>\n","protected":false},"excerpt":{"rendered":"<div class=\"product-short-description\">\n<ul>\n<li><strong>Xu\u1ea5t x\u1ee9: <\/strong>DHN TAPE H\u00e0 Nam<\/li>\n<li><strong>T\u00ecnh tr\u1ea1ng:<\/strong>C\u00f2n h\u00e0ng<\/li>\n<li><strong>Gi\u00e1 b\u00e1n: <\/strong><span class=\"sell\"><strong> Li\u00ean h\u1ec7 ngay \u0111\u1ec3 \u0111\u01b0\u1ee3c gi\u00e1 t\u1ed1t<\/strong><\/span><\/li>\n<\/ul>\n<\/div>\n","protected":false},"featured_media":1432,"comment_status":"closed","ping_status":"closed","template":"","meta":[],"class_list":{"0":"post-1431","1":"product","2":"type-product","3":"status-publish","4":"has-post-thumbnail","6":"product_cat-hat-chong-am","8":"first","9":"instock","10":"shipping-taxable","11":"product-type-simple"},"_links":{"self":[{"href":"https:\/\/bangkeohanam.com\/index.php?rest_route=\/wp\/v2\/product\/1431","targetHints":{"allow":["GET"]}}],"collection":[{"href":"https:\/\/bangkeohanam.com\/index.php?rest_route=\/wp\/v2\/product"}],"about":[{"href":"https:\/\/bangkeohanam.com\/index.php?rest_route=\/wp\/v2\/types\/product"}],"replies":[{"embeddable":true,"href":"https:\/\/bangkeohanam.com\/index.php?rest_route=%2Fwp%2Fv2%2Fcomments&post=1431"}],"version-history":[{"count":1,"href":"https:\/\/bangkeohanam.com\/index.php?rest_route=\/wp\/v2\/product\/1431\/revisions"}],"predecessor-version":[{"id":1433,"href":"https:\/\/bangkeohanam.com\/index.php?rest_route=\/wp\/v2\/product\/1431\/revisions\/1433"}],"wp:featuredmedia":[{"embeddable":true,"href":"https:\/\/bangkeohanam.com\/index.php?rest_route=\/wp\/v2\/media\/1432"}],"wp:attachment":[{"href":"https:\/\/bangkeohanam.com\/index.php?rest_route=%2Fwp%2Fv2%2Fmedia&parent=1431"}],"curies":[{"name":"wp","href":"https:\/\/api.w.org\/{rel}","templated":true}]}}