{"id":1436,"date":"2022-10-02T22:44:06","date_gmt":"2022-10-02T22:44:06","guid":{"rendered":"https:\/\/bangkeohanam.com\/?post_type=product&#038;p=1436"},"modified":"2023-03-14T10:51:23","modified_gmt":"2023-03-14T10:51:23","slug":"bang-dinh-in-logo-3","status":"publish","type":"product","link":"https:\/\/bangkeohanam.com\/?product=bang-dinh-in-logo-3","title":{"rendered":"B\u0103ng d\u00ednh in logo"},"content":{"rendered":"<h2>B\u0103ng d\u00ednh in logo c\u00f3 kh\u1ea3 n\u0103ng g\u1eafn k\u1ebft nh\u01b0 c\u00e1c lo\u1ea1i b\u0103ng d\u00ednh kh\u00e1c nh\u01b0ng n\u00f3 v\u1eabn c\u00f3 nh\u1eefng c\u00f4ng d\u1ee5ng tuy\u1ec7t v\u1eddi kh\u00e1c m\u00e0 c\u00e1c b\u1ea1n v\u1eabn ch\u01b0a bi\u1ebft \u0111\u01b0\u1ee3c. D\u01b0\u1edbi \u0111\u00e2y l\u00e0 m\u1ed9t v\u00e0i c\u00f4ng d\u1ee5ng h\u1eefu \u00edch c\u1ee7a s\u1ea3n ph\u1ea9m n\u00e0y.<\/h2>\n<h3><strong>\u0110\u1eb7c \u0111i\u1ec3m n\u1ed5i b\u1eadt c\u1ee7a b\u0103ng d\u00ednh in logo<\/strong><\/h3>\n<p>S\u1ea3n ph\u1ea9m n\u00e0y c\u0169ng c\u00f3 th\u00e0nh ph\u1ea7n h\u00f3a h\u1ecdc t\u01b0\u01a1ng t\u1ef1 nh\u01b0 b\u0103ng keo OPP, bao g\u1ed3m m\u1ed9t l\u1edbp m\u00e0ng OPP \u0111\u01b0\u1ee3c in logo, in ch\u1eef theo m\u1eabu y\u00eau c\u1ea7u c\u1ee7a kh\u00e1ch h\u00e0ng. Ng\u00e0y nay, v\u1edbi c\u00f4ng ngh\u1ec7 in ph\u1ee7 ti\u00ean ti\u1ebfn k\u1ebft h\u1ee3p l\u1edbp keo AEC trong su\u1ed1t. C\u00e1c s\u1ea3n ph\u1ea9m b\u0103ng keo in c\u1ee7a nh\u00e0 s\u1ea3n xu\u1ea5t lu\u00f4n \u0111\u1ea1t ti\u00eau chu\u1ea9n ch\u1eafc ch\u1eafn, \u0111\u1ea3m b\u1ea3o y\u00eau c\u1ea7u v\u1ec1 \u0111\u1ed9 d\u00ednh v\u00e0 s\u1ef1 g\u1eafn k\u1ebft c\u00e1c \u0111\u1ed3 v\u1eadt. H\u01a1n th\u1ebf n\u00f3 c\u00f2n mang t\u00ednh th\u1ea9m m\u0129 in ch\u1eef, Logo, h\u00ecnh \u1ea3nh v\u1edbi m\u00e0u s\u1eafc t\u01b0\u01a1i s\u00e1ng, b\u1ec1 m\u1eb7t s\u1ea1ch \u0111\u1eb9p kh\u00f4ng nh\u00f2e m\u00e0u.<\/p>\n<p>C\u00e1c nh\u00e0 s\u1ea3n xu\u1ea5t \u0111\u00e3 s\u1eed d\u1ee5ng c\u00f4ng ngh\u1ec7 in ph\u1ee7 ti\u00ean ti\u1ebfn, hi\u1ec7n \u0111\u1ea1i k\u1ebft h\u1ee3p l\u1edbp keo AEC trong su\u1ed1t \u0111\u1ec3 cho ra \u0111\u1eddi lo\u1ea1i s\u1ea3n ph\u1ea9m m\u1edbi n\u00e0y. M\u1eb7c d\u00f9 <a href=\"https:\/\/bangkeohanam.com\/\">b\u0103ng d\u00ednh in logo<\/a> \u0111\u01b0\u1ee3c in ch\u1eef v\u00e0 h\u00ecnh \u1ea3nh nh\u01b0ng ch\u1ea5t l\u01b0\u1ee3ng g\u1eafn k\u1ebft \u0111\u1ec1u kh\u00f4ng b\u1ecb \u1ea3nh h\u01b0\u1edfng, ch\u00fang c\u00f3 \u0111\u1ed9 d\u00ednh b\u1ec1n ch\u1eb7t nh\u01b0 b\u0103ng keo th\u01b0\u1eddng.<\/p>\n<p><img loading=\"lazy\" decoding=\"async\" class=\"wp-image-332 size-medium aligncenter\" src=\"https:\/\/bangkeohanam.com\/wp-content\/uploads\/2020\/10\/bang-dinh-in-logo-225x300.jpg\" alt=\"\" width=\"225\" height=\"300\" \/><\/p>\n<p>C\u00e1c ch\u1eef \u0111\u01b0\u1ee3c in v\u1edbi nhi\u1ec1u m\u00e0u kh\u00e1c nhau v\u00e0 kh\u00f4ng b\u1ecb nh\u00f2e v\u00ec \u0111\u00e3 \u0111\u01b0\u1ee3c th\u00f4ng qua qu\u00e1 tr\u00ecnh s\u1ea3n xu\u1ea5t k\u1ef9 thu\u1eadt t\u1ed1t v\u00e0 ki\u1ec3m \u0111\u1ecbnh nghi\u00eam ng\u1eb7t. \u0110i\u1ec1u \u0111\u1eb7c bi\u1ec7t l\u00e0 khi l\u1ed9t ra kh\u00f4ng \u0111\u1ec3 l\u1ea1i keo, m\u00e0u ch\u1eef hay l\u00e0m x\u01b0\u1edbc b\u1ec1 m\u1eb7t v\u1eadt d\u1ee5ng v\u1eeba d\u00e1n.<\/p>\n<h3><strong>C\u00e1c c\u00f4ng d\u1ee5ng h\u1eefu \u00edch c\u1ee7a b\u0103ng d\u00ednh in logo<\/strong><\/h3>\n<p><em>&#8211; G\u1eafn k\u1ebft, d\u00ednh c\u00e1c \u0111\u1ed3 v\u1eadt<\/em><\/p>\n<p>C\u00f4ng d\u1ee5ng ph\u1ed5 th\u00f4ng c\u1ee7a c\u00e1c lo\u1ea1i b\u0103ng d\u00ednh v\u00e0 v\u1edbi lo\u1ea1i b\u0103ng d\u00ednh n\u00e0y th\u00ec c\u00f4ng d\u1ee5ng \u0111\u1ea7u ti\u00ean c\u1ee7a n\u00f3 c\u0169ng ch\u00ednh l\u00e0 d\u00e1n d\u00ednh, g\u1eafn k\u1ebft c\u00e1c \u0111\u1ed3 v\u1eadt. C\u00f3 th\u1ec3 d\u00f9ng \u0111\u1ec3 \u0111\u00f3ng th\u00f9ng h\u00e0ng, th\u00f9ng catton, \u0111\u00e2y l\u00e0 m\u1ed9t c\u00e1ch s\u1eed d\u1ee5ng b\u0103ng d\u00ednh quen thu\u1ed9c di\u1ec5n ra th\u01b0\u1eddng xuy\u00ean trong cu\u1ed9c s\u1ed1ng h\u00e0ng c\u1ee7a ch\u00fang ta.<\/p>\n<p><em>&#8211; D\u00f9ng \u0111\u1ec3 trang tr\u00ed<\/em><\/p>\n<p>V\u1edbi \u0111\u1eb7c \u0111i\u1ec3m l\u00e0 in ch\u1eef c\u00f3 nhi\u1ec1u m\u00e0u s\u1eafc th\u00ec m\u1edbi thu h\u00fat s\u1ef1 ch\u00fa \u00fd c\u1ee7a m\u1ecdi ng\u01b0\u1eddi n\u00ean b\u0103ng d\u00ednh n\u00e0y c\u00f3 nhi\u1ec1u m\u00e0u, t\u1ea1o t\u00ednh th\u1ea9m m\u1ef9. Do \u0111\u00f3, ta c\u0169ng c\u00f3 th\u1ec3 d\u00f9ng n\u00f3 \u0111\u1ec3 trang tr\u00ed, l\u00e0m n\u01a1 hay d\u00e1n d\u00ednh \u1edf nh\u1eefng n\u01a1i ngo\u00e0i tr\u1eddi \u0111\u1ec1u r\u1ea5t t\u1ed1t.<\/p>\n<p>M\u1ed9t s\u1ed1 m\u00e0u s\u1eafc \u0111\u01b0\u1ee3c s\u1eed d\u1ee5ng \u0111\u1ec3 in logo nh\u01b0: Trong su\u1ed1t, \u0111\u1ee5c, \u0111\u1ecf, v\u00e0ng, da cam, xanh l\u00e1, xanh da tr\u1eddi, \u0111en, t\u00edm\u2026 B\u0103n d\u00ednh c\u00f3 th\u1ec3 in m\u1ed9t hay nhi\u1ec1u m\u00e0u\u00a0t\u00f9y theo y\u00eau c\u1ea7u c\u1ee7a kh\u00e1ch h\u00e0ng.<\/p>\n<p><img loading=\"lazy\" decoding=\"async\" class=\"aligncenter wp-image-331 size-medium\" src=\"https:\/\/bangkeohanam.com\/wp-content\/uploads\/2020\/10\/bang-dinh-in-logo-2-e1602152967657-223x300.jpg\" alt=\"\" width=\"223\" height=\"300\" \/><\/p>\n<p><em>&#8211; Qu\u1ea3ng b\u00e1 th\u01b0\u01a1ng hi\u1ec7u cho c\u00e1c c\u00f4ng ty v\u00e0 doanh nghi\u1ec7p<\/em><\/p>\n<p>\u0110\u00e2y ch\u00ednh l\u00e0 c\u00f4ng d\u1ee5ng \u0111\u1eb7c bi\u1ec7t c\u1ee7a <a href=\"https:\/\/bangkeohanam.com\/\">b\u0103ng d\u00ednh in logo ch\u1ea5t l\u01b0\u1ee3ng cao<\/a>\u00a0n\u00e0y so v\u1edbi c\u00e1c lo\u1ea1i b\u0103ng d\u00ednh th\u00f4ng th\u01b0\u1eddng kh\u00e1c. S\u1ea3n ph\u1ea9m n\u00e0y \u0111\u01b0\u1ee3c c\u00e1c c\u00f4ng ty v\u00e0 c\u00e1c doanh nghi\u1ec7p s\u1eed d\u1ee5ng nh\u01b0 m\u1ed9t ph\u01b0\u01a1ng \u00e1n truy\u1ec1n th\u00f4ng m\u1ed9t c\u00e1ch \u00e2m th\u1ea7m, tr\u00ean th\u1ef1c t\u1ebf \u0111\u00e2y l\u00e0 ph\u01b0\u01a1ng th\u1ee9c qu\u1ea3ng b\u00e1 \u0111\u01b0\u1ee3c th\u1ef1c hi\u1ec7n m\u1ed9t c\u00e1ch \u00a0nh\u01b0ng mang l\u1ea1i nh\u1eefng hi\u1ec7u qu\u1ea3 r\u1ea5t cao.<\/p>\n<p>V\u1edbi ph\u01b0\u01a1ng ph\u00e1p n\u00e0y vi\u1ec7c qu\u1ea3ng c\u00e1o th\u01b0\u01a1ng hi\u1ec7u kh\u00f4ng t\u1ed1n nhi\u1ec1u chi ph\u00ed v\u00e0 t\u1ed1n k\u00e9m nhi\u1ec1u th\u1eddi gian nh\u01b0 c\u00e1c ki\u1ec3u qu\u1ea3ng c\u00e1o b\u1eb1ng truy\u1ec1n th\u00f4ng, kh\u00f4ng nh\u1eefng t\u1ed1n chi ph\u00ed, th\u1eddi gian m\u00e0 c\u00f2n ch\u1ee9a \u0111\u1ef1ng nhi\u1ec1u r\u1ee7i ro. Ch\u00ednh v\u00ec v\u1eady, s\u1eed d\u1ee5ng lo\u1ea1i b\u0103ng d\u00ednh c\u00f3 in ch\u1eef logo c\u1ee7a c\u00f4ng ty, doanh nghi\u1ec7p m\u00ecnh tr\u00ean c\u00e1c s\u1ea3n ph\u1ea9m l\u00e0 c\u00e1ch qu\u1ea3ng c\u00e1o t\u1ed1i \u01b0u nh\u1ea5t cho c\u00e1c nh\u00e0 kinh doanh.<\/p>\n<p>B\u1ea1n c\u00f3 nhu c\u1ea7u s\u1eed d\u1ee5ng b\u0103ng d\u00ednh in logo h\u00e3y \u0111\u1ebfn v\u1edbi c\u00f4ng ty DHN TAPE H\u00e0 Nam \u0111\u1ec3 c\u00f3 \u0111\u01b0\u1ee3c c\u00e1c s\u1ea3n ph\u1ea9m \u01b0ng \u00fd nh\u1ea5t. \u0110\u00e2y ch\u00ednh l\u00e0 c\u00f4ng ty chuy\u00ean s\u1ea3n xu\u1ea5t c\u00e1c lo\u1ea1i b\u0103ng d\u00ednh \u0111\u01b0\u1ee3c ch\u1ee9ng nh\u1eadn \u0111\u1ea1t ti\u00eau chu\u1ea9n v\u1ec1 ch\u1ea5t l\u01b0\u1ee3ng.<\/p>\n","protected":false},"excerpt":{"rendered":"<div class=\"product-short-description\">\n<ul>\n<li><strong>Xu\u1ea5t x\u1ee9: <\/strong>DHN TAPE H\u00e0 Nam<\/li>\n<li><strong>T\u00ecnh tr\u1ea1ng:<\/strong>C\u00f2n h\u00e0ng<\/li>\n<li><strong>Gi\u00e1 b\u00e1n: <\/strong><span class=\"sell\"><strong> Li\u00ean h\u1ec7 ngay \u0111\u1ec3 \u0111\u01b0\u1ee3c gi\u00e1 t\u1ed1t<\/strong><\/span><\/li>\n<\/ul>\n<\/div>\n","protected":false},"featured_media":1437,"comment_status":"closed","ping_status":"closed","template":"","meta":[],"class_list":{"0":"post-1436","1":"product","2":"type-product","3":"status-publish","4":"has-post-thumbnail","6":"product_cat-hat-chong-am","8":"first","9":"instock","10":"shipping-taxable","11":"product-type-simple"},"_links":{"self":[{"href":"https:\/\/bangkeohanam.com\/index.php?rest_route=\/wp\/v2\/product\/1436","targetHints":{"allow":["GET"]}}],"collection":[{"href":"https:\/\/bangkeohanam.com\/index.php?rest_route=\/wp\/v2\/product"}],"about":[{"href":"https:\/\/bangkeohanam.com\/index.php?rest_route=\/wp\/v2\/types\/product"}],"replies":[{"embeddable":true,"href":"https:\/\/bangkeohanam.com\/index.php?rest_route=%2Fwp%2Fv2%2Fcomments&post=1436"}],"version-history":[{"count":1,"href":"https:\/\/bangkeohanam.com\/index.php?rest_route=\/wp\/v2\/product\/1436\/revisions"}],"predecessor-version":[{"id":1439,"href":"https:\/\/bangkeohanam.com\/index.php?rest_route=\/wp\/v2\/product\/1436\/revisions\/1439"}],"wp:featuredmedia":[{"embeddable":true,"href":"https:\/\/bangkeohanam.com\/index.php?rest_route=\/wp\/v2\/media\/1437"}],"wp:attachment":[{"href":"https:\/\/bangkeohanam.com\/index.php?rest_route=%2Fwp%2Fv2%2Fmedia&parent=1436"}],"curies":[{"name":"wp","href":"https:\/\/api.w.org\/{rel}","templated":true}]}}